{"id":147,"date":"2024-01-18T19:35:04","date_gmt":"2024-01-18T19:35:04","guid":{"rendered":"https:\/\/bgvclub.co.uk\/?page_id=147"},"modified":"2026-05-07T08:28:58","modified_gmt":"2026-05-07T08:28:58","slug":"news","status":"publish","type":"page","link":"https:\/\/bgvclub.co.uk\/?page_id=147","title":{"rendered":"News"},"content":{"rendered":"\n    \n    <section class=\"u-carousel u-carousel-duration-1000 u-slide u-valign-middle u-block-b7e5-1\" id=\"carousel-12d2\" data-interval=\"41000\" data-u-ride=\"false\">\n      <ol class=\"u-carousel-indicators u-block-b7e5-2\">\n        <li data-u-target=\"#carousel-12d2\" data-u-slide-to=\"0\" class=\"u-active\"><\/li>\n        <li data-u-target=\"#carousel-12d2\" data-u-slide-to=\"1\"><\/li>\n        <li data-u-target=\"#carousel-12d2\" data-u-slide-to=\"2\"><\/li>\n      <\/ol>\n      <div class=\"u-carousel-inner\" role=\"listbox\" style=\"\">\n        <div class=\"u-active u-carousel-item u-clearfix u-section-2-1\">\n          <div class=\"u-clearfix u-sheet u-sheet-1\">\n            <h1 class=\"u-align-center-md u-align-center-sm u-align-center-xs u-text u-text-grey-40 u-text-1\">BGV Club Points Trophy \u200bWinners for 2025 <\/h1>\n            <h6 class=\"u-align-center-xs u-text u-text-default u-text-grey-40 u-text-2\">Please click the links below for details of the trophy winners<\/h6>\n            <a href=\"https:\/\/bgvclub.co.uk\/wp-content\/uploads\/2026\/04\/BGVClub2025TrophyWinnersPetit.pdf\" class=\"u-active-none u-btn u-button-style u-file-link u-hover-palette-1-light-1 u-palette-1-base u-btn-1\">PBGV points winners for 2025<\/a>\n            <a href=\"https:\/\/bgvclub.co.uk\/wp-content\/uploads\/2026\/04\/BGVClub2025TrophyWinnersGrand.pdf\" class=\"u-active-none u-btn u-button-style u-file-link u-hover-palette-1-light-1 u-palette-1-base u-btn-2\">GBGV points winners for 2025<\/a>\n          <\/div>\n        <\/div>\n        <div class=\"u-carousel-item u-clearfix u-section-2-2\">\n          <div class=\"u-clearfix u-sheet u-valign-top-lg u-valign-top-sm u-sheet-1\">\n            <p class=\"u-align-justify u-text u-text-1\">\n              <br><span style=\"font-weight: 700;\">Breed notes - compiled by Lizzie Cadmore<\/span>\n              <br>5\/5\/26<br>\n              <br>The\nWorld Dog Show this year is to be held in Bologna, Italy from the 3rd to the\n7th June and the entry figures have been released. GBGV\u2019s have 8 entries and\nwill be judged by Sandra Piscedda, and PBGV\u2019s have 30 for judge Massimo Favo.\nThere is also a club show that runs alongside the main event and Grands have 5\nentries and Petits 15 to be judged by Luisa Salinas. At the Winners Show Grands\nhave 8 for judge Amedeo Bottero, and Petits have 16 entered for judge Alberto\nCuccillato.\nGood\nluck to all on Friday at the National Dog Show. The SKC double shows have\nannounced their entries and at the CC show, Grands have 13 for their judge\nClaire Cooper, and Petits also 13 for Charlotte Dalgarno. At the non CC show,\nGrands stay with 13 for judge Mrs L Wilson, and Petits have 18 for Donna\nKirkwood-Emery.&nbsp;<br><b>P<\/b><b>BGV<\/b>&nbsp;<br>Something\nnew to start the Petit notes this week. It seems more owners are now starting\nto take up disciplines that are using our breeds amazing nose, and a few dogs\ncompeted this weekend. Megan Allen\u2019s&nbsp;Soletrader\nElegant Eevee&nbsp;(Ch\/Dk\/Ir\nCh Soletrader Pat On The Back x Ch Soletrader Vocal In Venice) was awarded her\nRural Level 10 Mini League 1 rosette meaning she had to follow a 200m trail\nwith two junctions and only 15 minutes. Anita Granum\u2019s&nbsp;Soletrader\nPrue Leith&nbsp;(Bientot\nv Tum-Tums Vriendjes x Ch Soletrader Tangomango) competed in the National\nNosework Association trial in Wiltshire and placed third, as well as moving\nfrom Foundation Level to Pre-Entry.\nA\nhandful of open show results this weekend. At Okehampton &amp; District, Jayne\nFordham\u2019s&nbsp;Soletrader\nField Marshal&nbsp;(Ch\nOverbecks Finn Shelby x Ch Soletrader Flora Good Time) was Best of Breed, Best\nPuppy, shortlisted in the adult group, and then won the Puppy Group. At the\nHound Club of East Anglia, Maisie &amp; Heidi Allenby\u2019s&nbsp;Rangali\nFranknfurter&nbsp;(Ch\nSoletrader Happy As Larry x Ch Soletrader Fun Times for Rangali) was Best of\nBreed, Best Puppy, and Best Puppy in Show, with Reserve Best of Breed going to\nLisa Guernari &amp; Paul Dane\u2019s&nbsp;Cynetkoy\u2019s\nTinker Tailor&nbsp;(Ch\n&amp; Ir Ch Soletrader Pat On The Back x Cynetkoy Pick Pocket). At Gravesend\n&amp; Medway Towns Canine Society, Best of Breed went to&nbsp;Beaujons\nVagabond of Monkhams&nbsp;(Petit\nHeroes Canned Heat x Beaujons Tickled Pink), owned by Linda Skerritt &amp;\nJenna Betts, with Best Puppy and Reserve Best of Breed going to Lynn Wood\u2019s&nbsp;Beaujons\nSusannah&nbsp;(Beaujons\nVagabond of Monkhams VW ShCEx x Beaujons Leading Lady JW). At Marlborough &amp;\nDistrict, Lizzie Cadmore\u2019s&nbsp;Soletrader\nSybil Fawlty&nbsp;(Ch\nSoletrader Happy As Larry x Ch Soletrader Cotton Candy) was Best of Breed and\nGroup 4, and&nbsp;Franknfurter&nbsp;took Best Puppy. At Drongan show,&nbsp;Vysaris\nBaccus Dieu Du Vin&nbsp;(Erylan\nPoseidon De La Mer x Ch &amp; Ir Ch Erylan Hebe La Fille Jeune), owned by\nCraig, Linda and Stefanie Brown, was BOB.\nOver\non the Emerald Isle, Gene Boyd &amp; Cathy Neill\u2019s&nbsp;Ir\nCh Soletrader Finger Flick&nbsp;(Ch\nSoletrader Super Mario x Ch Soletrader Ivy League) won the group at Fermoy\nCanine International Show.\nIn\nCroatia at the Zadar CACIB II show, Iva Raic\u2019s&nbsp;Esp\nCh Black Majesty Perfectly Imperfect&nbsp;(Black Majesty U Got The Look x Cro Ch Black Majesty New York),\nco-owned with Dea Kurjak, was second in the group, and the following day at the\nthird CACIB show she won the group and Best in Show and ultimately Supreme Best\nin Show. At the Wieze - 46e KVN CAC Dogshow in Belgium, Anouk Huikeshoven\u2019s&nbsp;Jour\nApres Jour Etincelle Magique&nbsp;(Koala\nv Tum-Tums Vriendjes x Jour Apres Jour Princess Jasmine) was third in the\ngroup, and Renate de Geit\u2019s&nbsp;Cache\nRoyale All I Want For Xmas Is You&nbsp;(L\u2019ange Barbu C\u2019anglais La Vie Boheme x Cache Royale Sweet Sweet\nQuerida) was placed third in the Minor Puppy group. At the Timisoara\nTraditional Trophy shows in Romania,&nbsp;Black\nMajesty Picture This&nbsp;(Black\nMajesty U Got The Look x Cro Ch Black Majesty New York) owned by Krystsina\nYanchy &amp; Iva Raic, was second in the group at the CAC show on Saturday, and\nthird in the group at the CACIB II show on Sunday. In Finland at the Kouvola\nFCI5, 6, 7 &amp; 8 show, Kristina Bergstrom &amp; Emma Holopainen\u2019s&nbsp;After\nMe Fly High&nbsp;(Multi\nCh Taglines Double The Fun with Soletrader x After Me All Rights Reseved) was\nsecond in the group. Staying in Finland but to the Peders\u00f6re 5, 6 1, 4 &amp; 8\nshow, Kristina Bergstrom &amp; Ida Jokela\u2019s&nbsp;After\nMe Challenge Accepted&nbsp;(Felix\nDit Finistere Du Chemin Des Bruleurs x Multi Ch Soletrader Just Jazz) was third\nin the group. In Sweden at the Skara Nordic show,&nbsp;Ebouriffe\nWhipping Floyd&nbsp;(Swe\n&amp; Nor Ch Veni Des Ajoncs De L\u2019aulne x Swe &amp; Nor Ch Ebouriffe Bright\nSerendipity), owned by Therese Corneliusson, was third in the group. Denmark\nhosted a three day show and on the first day at the Nordic show,&nbsp;Ch\/Dk\/Ir\nCh Soletrader Pat On The Back&nbsp;(Ch\nSoletrader Magic Mike x Ch Around Zlightly Different with Soletrader (Imp\nSwe)), owned by Anders Tunold-Hanssen &amp; Sara Robertson, won the group and\nBest in Show 4, and at the International shows on the weekend, he was second in\nthe group both days.\nIn\nSouth Africa at the Eastern Districts KC, Michelle Jackson &amp; Louis Kruger\u2019s&nbsp;Brejen\nAgainst All Odds&nbsp;(White\nSquall Flying Dutchman x ZA GCh BallyAssketill Gabriella for Brejen), was\nfourth in the Puppy Group. At the Transvaal Midlands KC, Sue &amp; Andria\nHaskin\u2019s&nbsp;BallyAsketill\nFrankie Goes To Paris&nbsp;(MBISS\nInt Ch ZA Gr Ch ZA Ch BallyAsketill Remy Martin x ZA Ch After Me High On Life\nfor BallyAsketill), won the Junior Group. At the Witwatersrand KC, Paula\nJarvis'&nbsp;Brejen\nBring It On&nbsp;(White\nSquall Flying Dutchman x ZA Ch BallyAsketill Gabriella for Brejen), was fourth\nin the puppy group.\nBrazil\nsaw the KC ABC hold three shows. At the 66th Pan American show, Leandro Mosmann\n&amp; Cristina Trein\u2019s&nbsp;Black\nMajesty Pandora\u2019s Box&nbsp;(Am\nGCh\/Aust\/Ir\/UK Ch Soletrader Buddy Holly x Black Majesty Some Say I\u2019m\nSuperstitious) was second in the group and second in the Junior Group. At the\n67th show she was second in the Junior Group and third in the main group, and\nat the 68th show she won the Junior Group and took home another second in the\nmain group.\nAust\nSup Ch &amp; A2O Gr Ch Tumtums Macchiato&nbsp;(Sup Ch Dance Monkey v Tum-Tums Vriendjes x Violet Crumble v\nTum-Tums Vriendjes), owned by James Bennett, Kirri Jacobson, Gwen Huikeshoven\n&amp; Shellie Marshall, had a great few days in Victoria, Australia. At the\nBulla Amenities Show Committee on Friday he was Best in Group and Runner Up in\nShow, as well as Open in Group. The following day he won the group and Open in\nGroup, and then Best in Show and Open in Show at the AM Show, and at the A2O\nshow in the afternoon he won the group again and Open in Group again. At the\nsame shows Gwen &amp; Shellie\u2019s \u2018home team\u2019 had a great set of results. Their\nnew kid on the block,&nbsp;Tumtums\nPenelope Pussycat&nbsp;(Aust\nCh Tumtums Piccolo x Tumtums Matilda) was Minor Puppy in Group and Minor Puppy\nin Show at the AM Show on Saturday, and at the A2O show the same day their&nbsp;Tumtums\nCrunchy Crumble&nbsp;(A20\nCh &amp; Aust Sup Ch Rokeena Richie Rich x Violet Crumble v Tum-Tums Vriendjes)\nwas Intermediate in Group. On the Sunday Gwen &amp; Shellie\u2019s&nbsp;Tumtums\nPepele Pew&nbsp;(Aust\nCh Tumtums Piccolo x Tumtums Matilda), was Best in Group and Puppy in Group. In\nTasmania at the Working Dog Club of Tasmania All Breed AM Show,&nbsp;Aust\nCh Tumtums Piccolo&nbsp;(Sup\nCh Dance Monkey v Tum-Tums Vriendjes x Violet Crumble v Tum-Tums Vriendjes),\nowned by Daniel &amp; Maree Aitchison and Shellie Marshall &amp; Gwen\nHuikeshoven, was Best in Group and Intermediate in Group, and Shellie &amp;\nGwen\u2019s&nbsp;Tumtums\nNapoleon&nbsp;(Aust\nCh Tumtums Piccolo x Tumtums Matilda) was Minor Puppy in Group and in Show. At\nthe PM Groups Show&nbsp;Piccolo&nbsp;was Runner Up in Group and Intermediate in Group. Sticking with\nAustralia but some tracking results where&nbsp;Aust\nSup Ch Mistypoint Sharp Dressed Man&nbsp;(Am\nGCh\/Aust\/Ir\/UK Ch Soletrader Buddy Holly x Aust Gr Ch Mistypoint Glitz N\nGlamour), owned by Tracie Edwards, picked up his first qualification and a Very\nGood grading at the Tracking Dog Club of SA\u2019s \u2018Track and Search trial\u2019 in\nAdelaide where he had to track a known person which was Tracie herself, so he\nwas handled by friend Brigetta Palmer.\nIn\nthe USA at the Yosemite KC in California,&nbsp;GCh\/Ir\/UK\nCh M&amp;M\u2019s Stellar Mayhem and Madness&nbsp;(GChS Soletrader Dean Martin x GChS M&amp;M\u2019s Calamity Jane),\nowned by Janice Hayes, Eric Ciceron, Donna Moore &amp; Jamie Souza Bartlett,\nwon the group and Reserve Best in Show on Friday, another group win on\nSaturday, and a third group win and Reserve Best in Show on Sunday. On Thursday\nat the Utah Valley KC,&nbsp;GCH\nBlack Majesty It\u2019s Majik, Ya Know TKN PCJH&nbsp;(GCh M&amp;M Stellar Spotify x Ch Black Majesty Unlok The\nMajik), owned by Susan &amp; Mike Morgan and Britt &amp; Rylie Johnson, was\nOwner-Handler Group 2, and on Friday the Morgan and Johnson\u2019s&nbsp;Black\nMajesty Donut Even Dare&nbsp;(GCh\nBlack Majesty Name The Game x Ch Black Majesty Foodilicious), was Owner Handler\nGroup 3 and on Saturday OH Group 2. Also on the Saturday&nbsp;GCh\nTrio's Bridgerton at Rosewood&nbsp;(GChS\nSoletrader Dean Martin x GChS Mirepoix\u2019s Dubble Bubble), owned by Tiffany\nCannon, Marina Rose, and Clint &amp; Karen Livingston, was Group 2 at the\nIntermountain KC. On Sunday&nbsp;Majik&nbsp;was OH Group 2 and&nbsp;Bridgerton&nbsp;took home another Group 2.<br>\n              <br><span style=\"font-weight: 700;\">GBGV<\/span>\n              <br>At\nPerthshire Canine Club,&nbsp;Tarmachan\nMac Talla&nbsp;(Ch\nMacaroni v Tum-Tums Vriendjes of Tarmachan (Imp Nld) x Ch Tarmachan Miss\nImpatiens), owned by Fiona Buchanan and Michael MacLaren, was Best of Breed and\nsecond in the group, whilst their&nbsp;Ch\/Nld\/Int\nCh Tarmachan Ice Diamond&nbsp;(Ch\n&amp; Multi Ch Frosty Snowman x Ch Tarmachan Florentine) was Best Special Hound\nVeteran. At the Hound Club of East Anglia, Best of Breed went to&nbsp;Wilmit\nMirabelle for Boneveon&nbsp;(Stinton\nSolitaire Avec Braillement x Ch Wilmit Jugeote), owned by Robert Bailey &amp;\nAndrew Yates, and Reserve Best of Breed went to Sue Marshall\u2019s&nbsp;Claela\nLaughter Is Timeless with Soufriere&nbsp;(Ch Claela You And I Are A Team x Dit Donc Du Greffier Du Roi\nMit Claela (Imp Nld)). Sue\u2019&nbsp;Soufriere\nOne Vision JW&nbsp;(Multi\nCh Gairside Good Lord x Silvamoon Saffron at Soufriere VW) was also Best\nVeteran. At Drongan Steph\nBrown\u2019s &nbsp;Ir Ch Claela Sweet Dreams GBGV was\nBest AVNSC and won Hound Group 4 .\nAt\nthe Wieze - 46e KVN CAC Dogshow in Belgium, Anouk &amp; Gwen Huikeshoven\u2019s&nbsp;Aust\nCh Tumtums Baba Ghanoush&nbsp;(Multi\nCh Frosty Snowman x Daisy Duck v Tum-Tums Vriendjes) won the group. In Finland\nat the Lahti FCI 5, 6, 8 &amp; 9 show,&nbsp;Minskuhoff's\nSparkling Dream&nbsp;(Int\nCh Minskuhoff's Grand X-presso x Int Ch Minskuhoff's Frozen Heart), owned by\nMia Aaltovirta, was second in the group, and at the Kouvola FCI5, 6, 7 &amp; 8\nshow, she won the group and Best in Show 2. At the M\u00e4nts\u00e4l\u00e4 show for groups 5,\n6 &amp; 7, she was fourth in the group. At the International Dog Show in\nBabimost, Poland, Kasia Zacharewicz\u2019s&nbsp;Pl\nCh Cartier D\u2019amour Succession of Baron&nbsp;(Ch\/Du &amp; Int Ch Tarmachan Cartier x Harmony Succession of\nBaron) was third in the group. <br><!--[if !supportLineBreakNewLine]-->\n              <br><!--[endif]--><b><\/b><b>&nbsp;<\/b><!--[endif]-->\n            <\/p>\n          <\/div>\n        <\/div>\n        <div class=\"u-carousel-item u-clearfix u-section-2-3\">\n          <div class=\"u-clearfix u-sheet u-valign-bottom-lg u-valign-bottom-sm u-valign-bottom-xs u-sheet-1\">\n            <img decoding=\"async\" class=\"u-image u-image-contain u-image-default u-image-1\" src=\"https:\/\/bgvclub.co.uk\/wp-content\/uploads\/2026\/04\/image.png\" alt=\"\" data-image-width=\"468\" data-image-height=\"643\">\n          <\/div>\n        <\/div>\n        <div class=\"u-carousel-item u-clearfix u-image u-section-2-4\" style=\"background-image: url(&quot;https:\/\/bgvclub.co.uk\/wp-content\/plugins\/nicepage\/assets\/images\/default-image.jpg&quot;);\">\n          <div class=\"u-clearfix u-sheet u-sheet-1\">\n            <p class=\"u-align-center u-text u-text-1\"><span style=\"font-size: 0.875rem;\">I am deeply saddened to report the recent passing of our BGV Club Vice Chairman, Peter Marks. For many years Peter has been dedicated to the Club and devoted to the breeds we represent. He was a true gentleman with great knowledge, compassion and integrity. Always dependable to offer an honest, ethical and impartial opinion in the most challenging situations.\nOur thoughts and most sincere sympathy are with Val, family and friends. His loss will be felt immensely by the Committee and everyone who knew him. He will be dearly missed.&nbsp;<\/span>\n              <br>Michael MacLaren\nBGV Club Chairman\n            <\/p>\n            <img decoding=\"async\" class=\"u-expanded-width-xs u-image u-image-default u-image-1\" src=\"https:\/\/bgvclub.co.uk\/wp-content\/uploads\/2026\/01\/petermarks.jpg\" alt=\"\" data-image-width=\"1066\" data-image-height=\"710\">\n          <\/div>\n        <\/div>\n      <\/div>\n      <a class=\"u-carousel-control u-carousel-control-prev u-text-grey-30 u-block-b7e5-3\" href=\"#carousel-12d2\" role=\"button\" data-u-slide=\"prev\"><span aria-hidden=\"true\">\n          <svg class=\"u-svg-link\" viewBox=\"0 0 477.175 477.175\"><path d=\"M145.188,238.575l215.5-215.5c5.3-5.3,5.3-13.8,0-19.1s-13.8-5.3-19.1,0l-225.1,225.1c-5.3,5.3-5.3,13.8,0,19.1l225.1,225\n                    c2.6,2.6,6.1,4,9.5,4s6.9-1.3,9.5-4c5.3-5.3,5.3-13.8,0-19.1L145.188,238.575z\"><\/path><\/svg><\/span><span class=\"sr-only\">Previous<\/span>\n      <\/a>\n      <a class=\"u-carousel-control u-carousel-control-next u-text-grey-30 u-block-b7e5-4\" href=\"#carousel-12d2\" role=\"button\" data-u-slide=\"next\"><span aria-hidden=\"true\">\n          <svg class=\"u-svg-link\" viewBox=\"0 0 477.175 477.175\"><path d=\"M360.731,229.075l-225.1-225.1c-5.3-5.3-13.8-5.3-19.1,0s-5.3,13.8,0,19.1l215.5,215.5l-215.5,215.5\n                    c-5.3,5.3-5.3,13.8,0,19.1c2.6,2.6,6.1,4,9.5,4c3.4,0,6.9-1.3,9.5-4l225.1-225.1C365.931,242.875,365.931,234.275,360.731,229.075z\"><\/path><\/svg><\/span><span class=\"sr-only\">Next<\/span>\n      <\/a>\n    <\/section>\n    <section class=\"u-clearfix u-section-3\" id=\"block-1\">\n      <div class=\"u-clearfix u-sheet u-sheet-1\"><\/div>\n    <\/section>\n    \n    \n    \n  \n","protected":false},"excerpt":{"rendered":"<p>BGV Club Points Trophy \u200bWinners for 2025 Please click the links below for details of the trophy winners PBGV points winners for 2025 GBGV points winners for 2025 Breed notes &#8211; compiled by Lizzie Cadmore 5\/5\/26 The World Dog Show this year is to be held in Bologna, Italy from the 3rd to the 7th &hellip; <a href=\"https:\/\/bgvclub.co.uk\/?page_id=147\" class=\"more-link\">Continue reading<span class=\"screen-reader-text\"> &#8220;News&#8221;<\/span><\/a><\/p>\n","protected":false},"author":1,"featured_media":0,"parent":0,"menu_order":3,"comment_status":"closed","ping_status":"closed","template":"","meta":{"footnotes":""},"class_list":["post-147","page","type-page","status-publish","hentry"],"_links":{"self":[{"href":"https:\/\/bgvclub.co.uk\/index.php?rest_route=\/wp\/v2\/pages\/147","targetHints":{"allow":["GET"]}}],"collection":[{"href":"https:\/\/bgvclub.co.uk\/index.php?rest_route=\/wp\/v2\/pages"}],"about":[{"href":"https:\/\/bgvclub.co.uk\/index.php?rest_route=\/wp\/v2\/types\/page"}],"author":[{"embeddable":true,"href":"https:\/\/bgvclub.co.uk\/index.php?rest_route=\/wp\/v2\/users\/1"}],"replies":[{"embeddable":true,"href":"https:\/\/bgvclub.co.uk\/index.php?rest_route=%2Fwp%2Fv2%2Fcomments&post=147"}],"version-history":[{"count":142,"href":"https:\/\/bgvclub.co.uk\/index.php?rest_route=\/wp\/v2\/pages\/147\/revisions"}],"predecessor-version":[{"id":1612,"href":"https:\/\/bgvclub.co.uk\/index.php?rest_route=\/wp\/v2\/pages\/147\/revisions\/1612"}],"wp:attachment":[{"href":"https:\/\/bgvclub.co.uk\/index.php?rest_route=%2Fwp%2Fv2%2Fmedia&parent=147"}],"curies":[{"name":"wp","href":"https:\/\/api.w.org\/{rel}","templated":true}]}}